 (base 14) to base 4
-221211120
Convert 481183 (base 9) to base 12.
11b6a9
Convert 15a4a3 (base 12) to base 3.
200211012220
Convert -4ccd2 (base 14) to base 7.
-1415252
What is -1620565 (base 7) in base 15?
-463aa
270a645 (base 11) to base 2
10001110111101100010100
-9164 (base 16) to base 11
-25a67
What is -211220011010000 (base 3) in base 15?
-11050e6
What is 131905 (base 11) in base 13?
7352a
What is -4341522 (base 6) in base 15?
-43ceb
Convert 292325 (base 12) to base 7.
5564300
Convert -17622007 (base 9) to base 16.
-876001
What is 9004444 (base 11) in base 7?
252400116
What is -12045265 (base 8) in base 15?
-3725ca
f8c03 (base 16) to base 3
1220202122102
What is 46120455 (base 7) in base 12?
141b5b3
Convert -20101100102202 (base 3) to base 14.
-6443d0
487210 (base 10) to base 11
303059
What is 63231434 (base 7) in base 2?
10100010110101000100010
100110111111111011111 (base 2) to base 11
7a3135
What is -28f66 (base 16) in base 14?
-45206
What is 10312272 (base 9) in base 2?
10010111100111110101010
What is -1111101001011110110101 (base 2) in base 8?
-17513665
Convert -5a644 (base 16) to base 2.
-1011010011001000100
Convert 4a3504 (base 13) to base 10.
1778222
What is 65dbd (base 15) in base 10?
323728
What is 1100010000100011001110 (base 2) in base 8?
14204316
11024123 (base 5) to base 3
11212001110
-250134 (base 6) to base 16
-564a
What is -221099 (base 11) in base 14?
-92819
Convert -152060 (base 10) to base 12.
-73bb8
What is -b1674 (base 12) in base 15?
-485a1
Convert 11000010110011011 (base 2) to base 12.
49877
What is -2767201 (base 8) in base 13?
-214bc3
Convert -14011132 (base 8) to base 10.
-3150426
Convert 17a30 (base 15) to base 4.
102230001
314444 (base 5) to base 4
2212000
Convert -12233300 (base 4) to base 2.
-110101111110000
Convert -22231303 (base 4) to base 9.
-66177
What is 100102020100112 (base 3) in base 14?
943929
Convert -2bd64 (base 14) to base 10.
-109652
What is 2997832 (base 10) in base 2?
1011011011111001001000
What is 4720628 (base 10) in base 7?
55060523
-22222121 (base 5) to base 11
-1237a3
5308136 (base 9) to base 11
166aa5a
Convert -3010300 (base 7) to base 15.
-704ea
-15906 (base 15) to base 3
-10112101020
What is -a5bc3 (base 13) in base 8?
-1107165
22202012210110 (base 3) to base 5
2142240122
Convert 10001101111100011000100 (base 2) to base 13.
c6b0bc
What is -1302313123 (base 6) in base 10?
-15235179
Convert 979606 (base 12) to base 2.
1001001010001100100110
261c28 (base 14) to base 9
2417653
What is 644887 (base 9) in base 8?
1356265
28215 (base 11) to base 13
153a5
-4088619 (base 12) to base 8
-56200565
What is -1170a7 (base 11) in base 7?
-1400504
10043443 (base 5) to base 3
11010021120
Convert -100122304 (base 5) to base 3.
-202002021211
Convert 1cc78b5 (base 13) to base 7.
144645413
Convert -28963 (base 10) to base 4.
-13010203
What is 7496b4 (base 12) in base 6?
103244344
-2dede (base 16) to base 4
-231323132
Convert 1110111000010110010 (base 2) to base 3.
220202212100
Convert -76186a (base 14) to base 11.
-2292014
What is 22614 (base 7) in base 9?
7846
-342e1e (base 16) to base 7
-41031623
Convert 39992 (base 11) to base 6.
1120152
Convert 13334201 (base 5) to base 9.
227581
Convert 4176a3 (base 14) to base 2.
1000011011100110111111
594026 (base 13) to base 11
121a5a5
113001001 (base 4) to base 16
17041
What is 223314441 (base 5) in base 11?
61a612
Convert 40551611 (base 7) to base 14.
643a41
21211101002 (base 3) to base 6
3145215
What is 15a4 (base 13) in base 2?
110001101000
145245 (base 11) to base 12
ab141
-3266053 (base 7) to base 11
-255911
-4443043 (base 5) to base 16
-1304a
What is 2b964 (base 13) in base 14?
222cc
Convert -12574410 (base 10) to base 6.
-1125302510
1a114 (base 14) to base 8
201026
Convert 37589 (base 12) to base 16.
12579
What is -3554a1 (base 12) in base 13?
-2412b5
Convert -300b8d (base 15) to base 12.
-91ba51
What is 1001100111111001001000 (base 2) in base 12?
a17a88
Convert 134606 (base 9) to base 8.
240334
11430211 (base 7) to base 8
3677661
b9a8a (base 15) to base 8
2177476
What is -232152 (base 10) in base 4?
-320223120
What is a7647 (base 16) in base 11?
429149
Convert -2631107 (base 8) to base 14.
-15159d
Convert -605747 (base 10) to base 12.
-25266b
Convert 5b447 (base 16) to base 6.
12002411
Convert 10002221121122 (base 3) to base 4.
12103122023
Convert -ab93b (base 14) to base 4.
-1211212201
Convert 2020350 (base 6) to base 8.
273452
12044774 (base 8) to base 16
2849fc
What is 1015c76 (base 13) in base 9?
10140262
12d4e2 (base 16) to base 3
2022200221010
Convert -1033618 (base 9) to base 10.
-553814
Convert -222012221002 (base 3) to base 4.
-1331333300
39268 (base 11) to base 12
2864a
400001241 (base 6) to base 4
121220110321
-114a4a7 (base 13) to base 6
-310203401
-6562260 (base 9) to base 10
-3524931
What is -584178 (base 10) in base 14?
-112c70
Convert -705661 (base 10) to base 6.
-23042541
What is 1011110110010010110011 (base 2) in base 13?
84996b
What is -1100010020102 (base 3) in base 14?
-147140
-121313302123 (base 4) to base 3
-110202120022011
What is 14211201 (base 6) in base 14?
c83bb
39090 (base 11) to base 2
1101101011000001
1616567 (base 8) to base 14
c1d0b
-72212 (base 16) to base 5
-104424344
What is 246323 (base 8) in base 12?
41383
1410582 (base 9) to base 10
774677
Convert 1208453 (base 9) to base 6.
22015503
-514203300 (base 6) to base 14
-12726d6
Convert 315262 (base 7) to base 2.
1101010110010111
Convert -3476b1 (base 13) to base 16.
-12fdf4
Convert -24c34 (base 16) to base 7.
-1165003
What is -102653105 (base 7) in base 10?
-6114029
133201220320 (base 4) to base 16
7e1a38
Convert -10100111011101000000011 (base 2) to base 11.
-31085aa
What is -926323 (base 10) in base 13?
-265828
2661031 (base 7) to base 3
122211100201
What is -3412522 (base 7) in base 8?
-1473143
Convert -11332300140 (base 5) to base 14.
-1a69db0
What is 1546650 (base 8) in base 2?
1101100110110101000
-31344 (base 10) to base 3
-1120222220
What is -1020231400 (base 5) in base 16?
-20505d
-84487 (base 10) to base 3
-11021220011
-112053534 (base 7) to base 12
-2358696
What is -102222002222 (base 3) in base 9?
-388088
Convert -53653605 (base 7) to base 13.
-c46b2a
-120127 (base 9) to base 10
-72277
Convert -244a87 (base 13) to base 15.
-12202e
-2403301 (base 6) to base 11
-86054
-46341 (base 12) to base 4
-112321201
What is -331331112 (base 4) in base 10?
-253782
-2662304 (base 7) to base 3
-122212000012
Convert -1120022001101 (base 3) to base 4.
-3023100223
1001101101000010101010 (base 2) to base 3
11210020102022
Convert 1140321143 (base 5) to base 2.
1010001011001000101000
Convert 112111201221 (base 3) to base 12.
119321
Convert b0ec1 (base 15) to base 11.
352989
-5a487 (base 16) to base 8
-1322207
What is -19d91 (base 16) in base 11?
-725a9
Convert c3367 (base 15) to base 5.
124242042
331200022 (base 4) to base 13
8a880
221002100121 (base 3) to base 10
493792
-1000101001010011101000 (base 2) to base 13
-614742
1467809 (base 10) to base 4
11212112201
Convert -3323639 (base 10) to base 9.
-6225152
-2201212102220 (base 3) to base 9
-2655386
Convert -9ba3d (base 14) to base 11.
-238a55
Convert -2170773 (base 9) to base 14.
-225b99
10986 (base 14) to base 9
61245
3a752 (base 13) to base 7
632334
What is 515523 (base 7) in base 15?
1b2e3
What is 6c15d (base 14) in base 13?
9304b
What is 1664317 (base 12) in base 15?
61123a
4c048b (base 15) to base 5
1413133111
-4aff (base 16) to base 9
-28302
-a97a41 (base 12) to base 10
-2688529
What is -1394102 (base 10) in base 14?
-2840aa
What is -1917c9 (base 16) in base 5?
-410110424
Convert 1100000011001110100 (base 2) to base 15.
7bee8
Convert -2121225 (base 6) to base 10.
-103985
What is 7c01d2 (base 15) in base 14?
b02a27
Convert 309d8 (base 16) to base 3.
101010011010
-3002202021 (base 4) to base 14
-16a54d
What is -1d0401 (base 14) in base 5?
-231204032
-68784 (base 9) to base 2
-1011001100010001
Convert -7247 (base 11) to base 15.
-2caa
Convert -a6a2 (base 15) to base 9.
-53318
What is -32ead (base 15) in base 2?
-100111100010010010
11873a (base 12) to base 4
1011130132
Convert 2806387 (base 9) to base 8.
5677602
What is 4270066 (base 9) in base 2?
1000101111000010111001
Convert ac055 (base 14) to base 9.
705214
Convert 1057071 